ivided by l(-2).
4
Let n(k) = k**2 + 6*k + 3. Let q be n(0). What is the remainder when q/(18/249) - 10/20 is divided by -12*(1 + 0 - 3)?
17
Let q = 5589 + -5364. What is the remainder when q is divided by 41?
20
Let c be (-2 - -3)*46 + -1. Let p(y) = y**3 - 27*y + 14. Let s be p(6). Let l = s - c. Calculate the remainder when 91 is divided by l.
22
Let r(o) = -2*o**3 + 24*o**2 + 23*o + 19. Let l be r(13). Let y(j) = -j**3 - 24*j**2 - 82*j - 30. What is the remainder when 85 is divided by y(l)?
5
Suppose 0 = 9*b - 10*b + 17. Let d = 30 + b. Calculate the remainder when 33 is divided by (-10)/(-35) - d/(-7).
5
Suppose 11*f + 15915 = 16*f. Let x(l) = -15*l - 2. Calculate the remainder when f/15 + 8/10 is divided by x(-3).
41
Let z = 22 + 57. Suppose -5*n - 4*i = -0*n - z, -20 = 5*i. Calculate the remainder when n is divided by 5.
4
Let z(n) = 8*n + 83. Let a = -219 - -210. Calculate the remainder when 17 is divided by z(a).
6
Let z(q) = -q**2 + 6*q + 4. What is the remainder when (-8)/(-12) - 896/(-24) is divided by z(4)?
2
Suppose -10*b - 1294 + 3824 = 0. What is the remainder when 698 is divided by b?
192
Let b(f) = 77*f**2 - 77*f + 23. Calculate the remainder when b(-4) is divided by 9.
6
Let z = -5 - -47. Calculate the remainder when (235 - -2)*26/78 is divided by z.
37
Let m be (10/7)/((-43)/(-602)). Let j = m + -13. Suppose 2*d - 44 = -4*b, 2*d + 0 - 51 = 3*b. Calculate the remainder when d is divided by j.
3
Let t = 25172 - 21731. Calculate the remainder when t is divided by 150.
141
Suppose -13 = -2*r - 3*y, 12 = r - 5*y + 38. What is the remainder when 214 is divided by r + (-2 - -4) + (-2 - -32)?
28
Let p(j) be the first derivative of j**4/4 - 29*j**3/3 + 14*j**2 + 18*j - 149. Calculate the remainder when 155 is divided by p(28).
11
Let u be (-2)/(-4)*((-8)/(-1))/1. Suppose 20*o - 105 = -25. Suppose j = -3*f + f + 26, u*j + o = f. What is the remainder when f is divided by 10?
2
Let c(o) = 2*o + 26. Let t = -34 + 23. Let a be c(t). Suppose -a*y = 2*j + 1 - 27, 5*y - 27 = 3*j. What is the remainder when 40 is divided by y?
4
Suppose 3*x - 108 - 128 = 2*q, 5*x - 5*q - 390 = 0. What is the remainder when 470 is divided by x?
70
Let u = 16503 - 16295. What is the remainder when u is divided by 30?
28
What is the remainder when 66 is divided by (38 - (-1022)/(-28))/(-1 + 50/44)?
0
Let z(r) = 11*r**2 - 73*r - 396. Calculate the remainder when z(-6) is divided by 138.
24
Suppose -36*b - 962 = -3842. Calculate the remainder when b is divided by 100/(-60)*(-2)/(-5)*-18.
8
Suppose 970 = -19*q + 3611. What is the remainder when 1209 is divided by q?
97
Let p(r) = 53*r**3 + 6*r**2 - 9*r + 4. Let m be p(2). Let g = m + -423. Calculate the remainder when 76 is divided by g.
10
Let a be ((-44)/(-198) - 7/(-9))*3. Suppose a*h = 179 - 152. What is the remainder when 16 is divided by h?
7
Let a be -1 + (-23)/(-7) - 8/28. Suppose 3*k = -a*t - 162, -3*k = 2*k + 3*t + 269. Let q = -33 - k. What is the remainder when 55 is divided by q?
17
Let n = -96 - -161. What is the remainder when 906 is divided by n?
61
Let c(z) = -127*z + 107. Calculate the remainder when 420 is divided by c(0).
99
Let y = 0 - -4. Suppose -3*a - 56 - 32 = -2*i, -5*i + y*a + 227 = 0. What is the remainder when i is divided by (-4)/(-18) + 2033/342*4?
23
Let a(x) = 5*x + 17. Let n be a(0). Suppose 2*i - 19 = -i - 5*c, i - 3*c = -n. Calculate the remainder when 4 + -6 + i + 87 is divided by 15.
8
Suppose 4421 + 1512 - 1487 = 117*v. Calculate the remainder when 136 is divided by v.
22
Suppose 4*h = o - 109 - 62, -h = -3*o + 491. Calculate the remainder when 974 is divided by o.
159
Let m = 64 + -141. Let g = 260 + -319. Let d = g - m. What is the remainder when d is divided by 10?
8
Let f = -431 - -521. Let t be ((-1)/(-1))/((-4)/(-488)). Let k = t - f. What is the remainder when k is divided by 12?
8
Suppose 4*s = 5*l + 2974, 4*s + l - 4458 = -1472. What is the remainder when s is divided by 46?
10
Suppose 0*o - 15 = -2*h - 5*o, -5*h - 5*o = 0. Let v(p) = 2*p**2 + 5*p + 2. Calculate the remainder when v(h) is divided by (-2)/(-16) + -3*(-79)/24 + 6.
11
Suppose 0 = 2*j, 15*j + 5190 = 5*c + 11*j. Suppose -d + 178 + 170 = -w, 3*d = 5*w + c. What is the remainder when d is divided by 59?
56
Let b(w) = 25*w - 6. Suppose -u - 17 = 3*i + 52, -115 = 5*i + 3*u. Let k = i - -24. Calculate the remainder when 37 is divided by b(k).
18
Let t(l) be the first derivative of -5*l**2 + 4*l - 16. Let f be t(-5). Let j = f - 49. Calculate the remainder when 11 is divided by j.
1
Suppose -12*l = 4*l - 288. Suppose -l = 88*y - 91*y. Calculate the remainder when -9*(-5)/((-15)/(-19)) is divided by y.
3
Let d(x) = x**3 + 30*x**2 - 309*x - 93. Calculate the remainder when 1375 is divided by d(-38).
17
Suppose -7*d = -2*d - 3*k - 368, 5*k = -2*d + 172. Calculate the remainder when d is divided by ((-168)/16)/((-6)/16).
20
Let w = 5937 - 5809. What is the remainder when w is divided by 68?
60
Let z(s) = -s - 1. Let b be z(-3). Suppose -b = -4*l + 58. What is the remainder when 497/2*58/203 is divided by l?
11
Suppose 11*m - 185 = 6*m. Calculate the remainder when (39/9 - 4)*m*3 is divided by 13.
11
Let n(i) = 77*i**2 + 247*i + 4. Calculate the remainder when 550 is divided by n(-4).
54
Let g = 55 - 14. Suppose -3*b + 4*m + 4983 = 4633, -3*b = 3*m - 315. Calculate the remainder when b is divided by g.
28
Suppose 1264 = -10*k + 1454. Calculate the remainder when 1954 is divided by k.
16
Suppose 3 - 28 = -5*t. Suppose -a = w - 5, 8*w + 5 = 3*a + 6*w. Suppose 12*l - 15*l = -3*m - a, -5*m = l - 25. Calculate the remainder when l is divided by t.
0
Let l(x) be the first derivative of -5*x**4/4 - x**2 - x - 67. What is the remainder when 89 is divided by l(-1)?
5
Let q = 22 - 12. Let p be -82*-5*(-21)/14. Let b = -566 - p. Calculate the remainder when b is divided by q.
9
Let f = -1618 - -1767. Suppose 0 = -5*i - 2*g + 5*g + 110, 4*g + 96 = 4*i. Calculate the remainder when f is divided by i.
16
Suppose -5*c - 3*h = -281, -10 = 4*h - 9*h. What is the remainder when 156 is divided by c?
46
Calculate the remainder when 4*36/(-384) + 1366/16 is divided by 32*1 + 4/(-2).
25
Suppose 4*k + 908 = 4*l, -5*k = 2*l - 668 + 242. Calculate the remainder when l is divided by 47.
35
Suppose -2*x = 3*b - 449, -2241*x - 1038 = -2246*x - b. What is the remainder when x is divided by 434/8 + (-1)/4?
43
Let t(l) = -117*l + 2769. What is the remainder when t(23) is divided by 28?
22
Suppose 0*l - 17 = 5*l + 4*o, 4*l = -3*o - 13. Let z(j) = -1 + 12*j**2 + 331*j + 3 + 38*j**2 - 328*j. What is the remainder when z(l) is divided by 25?
24
Let q(i) = -126*i + 815. What is the remainder when 479 is divided by q(6)?
7
Let w = -23621 + 24179. Calculate the remainder when 1135 is divided by w.
19
Let x = -307 - -305. What is the remainder when x/(-5) + -6 + 5064/40 is divided by 41?
39
Let m be 0 - 1 - (-68 - -22). Suppose -4*c + 5 = -3*p, -2*c - 2*c = 5*p - m. Suppose -c*a - 182 = -7*a. What is the remainder when a is divided by 23?
22
Let v be (10/6 + -1)*(-14541)/74. Let r = -64 - v. Calculate the remainder when r is divided by 15.
7
Let m(k) = -2*k**2 + 21*k - 8. Let r be m(10). Suppose 0*l = r*l + 2, 0 = -5*h + 2*l + 17. What is the remainder when h/9 - (-35)/3 is divided by 8?
4
Let r = 492 + -487. Suppose r*x = 2*m + 72, -2*x - m = -4*x + 29. Calculate the remainder when 67 is divided by x.
11
Let a(j) = -j - 3. Let v be a(-5). Suppose 0 = -u + 2*y, -v*u - 50 = -6*u - 2*y. What is the remainder when u is divided by 5?
0
Let y = -2053 - -2075. Calculate the remainder when 546 is divided by y.
18
Calculate the remainder when (-11 - 11)/(13/(-1274)) is divided by 24.
20
Suppose x - 28 = 3*d - 6*d, -5*x + 60 = 5*d. Let j(v) = -v**3 + 6*v**2 + 2*v + 4. What is the remainder when 116/20*(d + -3) is divided by j(6)?
13
Suppose 0 = 3*t + 148 - 19. Let r = -42 - t. What is the remainder when r*268/10 + 2/10 is divided by 11?
5
Suppose -174 = 19*m - 22*m. What is the remainder when m is divided by -2 + (-50)/15*(-36)/15?
4
Suppose 2*u + 805 = -5*u. Let z = -111 - u. Suppose 0 = 4*n - z, -s + 14 + 11 = n. Calculate the remainder when 93 is divided by s.
21
Let g = 48147 + -44951. Calculate the remainder when g is divided by 28.
4
Let r(z) = -2*z +